 = 19. Is n composite?
False
Let k(y) = -15*y**3 + 2*y**2 - 8*y - 2. Is k(-5) a prime number?
False
Let r = 14 - 11. Suppose -4*y + 251 = -r*t, -2*y + t + 0*t = -123. Is y composite?
False
Let u(p) = 26*p**2 + p + 16. Let x be u(6). Is (-2 + 0)/((-4)/x) a prime number?
True
Is (8 + -7)/(7/296219) a composite number?
True
Let t(c) be the third derivative of 0*c**3 + 0 + 0*c + 0*c**4 - 1/60*c**5 - 8*c**2 + 2/3*c**6. Is t(1) composite?
False
Let u be (-1 - -1)*2/(-2). Let y(b) = b**3 + 2*b**2 - 4*b - 1. Let l be y(2). Suppose l*g - 1169 = 4*g + 4*k, u = -g + 5*k + 375. Is g a prime number?
False
Let v = 64 + -59. Suppose -v*r - 10794 = -65309. Is r composite?
False
Let t = 93 + -9. Is (-1)/((-2)/t) - -5 composite?
False
Is -12774*((-60)/(-72) - 8/6) a prime number?
False
Suppose 217*f - 381 = 214*f. Is f a prime number?
True
Let f be (-3)/((-1)/(-1)*-1). Suppose 5*q - 563 = -f*j - 0*j, -q - 3*j + 103 = 0. Is q a prime number?
False
Let k be (-40)/12*3/(-2). Suppose 5*f = -k*b + 5, 5*b = 4*f + 12 + 2. Is (-6)/(-4)*(261 - f) a composite number?
True
Suppose -2*u + 4*u = x + 15519, 2*u + 4*x = 15514. Is u a prime number?
True
Let w(n) = n**2 + 9*n - 8. Let g(m) = 2*m**2 + 18*m - 17. Let k = -36 + 25. Let r(c) = k*w(c) + 6*g(c). Is r(11) prime?
False
Let z(l) = 471*l**2 - 24*l - 32. Is z(-5) a composite number?
False
Let y = -68 + 4810. Is y a composite number?
True
Let t(v) = -21*v + 20. Suppose 5*g - 4*u = -51, g + 4*u - 2 = -17. Is t(g) prime?
True
Let v = -66 - -66. Suppose -2*d = -5*g - v*g - 233, 4*d + g - 477 = 0. Is d prime?
False
Let d(y) = 2 + 4 + 77*y - 5. Let t be d(2). Let a = t + 432. Is a composite?
False
Is 342085/15 + ((-78)/(-18) - 3) composite?
False
Let s = 8953 - -2646. Is s a prime number?
False
Let t(y) = y**3 + 7*y**2 - 11*y - 8. Let w be t(-8). Suppose b - 5*b + w = 0. Suppose b*u - 153 = u. Is u a composite number?
True
Let w = 1203 - 290. Is w prime?
False
Let d(x) = -7*x**3 - x - 7. Let c = 19 + -27. Let u be ((-9)/12)/((-2)/c). Is d(u) a prime number?
False
Let y(q) = q - 7. Let m be y(8). Let t be ((-32)/(-80))/(m/(-10)). Is 375/60 - (-1)/t composite?
True
Suppose 3132 = 12*d - 3288. Is d a composite number?
True
Let t = -2445 + 4086. Let g = 2584 - t. Is g a prime number?
False
Suppose 0*o + 50 = 5*o. Suppose -4*x - 5*y + 7 = -o, 4*y = -5*x + 10. Is x/(6/303)*-13 a composite number?
True
Is 1/((-6)/(-45102)*1) a composite number?
False
Let u(y) = 12*y**2 - y + 201. Is u(26) composite?
False
Let y(q) = -6*q - 6. Let x be y(-5). Let z(f) = -x + 33 - 3*f**3 + 2*f**3 + f - 10*f**2. Is z(-11) a composite number?
True
Let g = 25 - 24. Is ((-30)/(-6) + 288)*(0 + g) a prime number?
True
Let y = 3 - 1. Suppose -f - 4 = f, -y*o - 3*f + 120 = 0. Let i = 154 - o. Is i a composite number?
True
Let q be 4/(-22) - 36*244/88. Let l = q + 183. Is l prime?
True
Suppose 0 = -10*d + 9*d. Suppose 8*t - 264 = -d*t. Is t prime?
False
Suppose -352527 = -12*q - 9*q. Is q a prime number?
True
Suppose 16 = 4*w, -4*u + 704 - 132 = 2*w. Let m = 224 - u. Is m prime?
True
Let o = 21602 - 349. Is o composite?
True
Is ((-3)/2)/(-3*(-6)/(-108060)) a composite number?
True
Suppose -67626 = -7*h + 169793. Is h composite?
True
Let z = -15 - -30. Let x be (6/z)/((-2)/(-5)). Is 2464/12 + x/(-3) a composite number?
True
Is (-19)/152 - 26130/(-16) a composite number?
True
Let m(k) = -k**2 - 4*k - 1. Let g be m(-3). Suppose d - 443 = -g*b, 0 = -d + 6*d + 3*b - 2236. Is d composite?
False
Suppose 2*x + 20 = -3*x + 4*i, 2*x - 15 = -3*i. Let y = 3 - x. Suppose -188 - 103 = -y*u. Is u a prime number?
True
Suppose -4*h = w - 0*w - 9, -2*w + 18 = -5*h. Let k = 197 + -200. Is 106 + k + w/3 a composite number?
True
Suppose -15 = 131*q - 136*q, -l + 48832 = -q. Is l a prime number?
False
Let j = -29 - -57. Suppose -23*a - 3365 = -j*a. Is a composite?
False
Let u = -3745 - -8083. Suppose 4*y = 6086 + u. Suppose -1016 - y = -4*d - 2*r, d - 4*r - 919 = 0. Is d prime?
True
Let v be 47210/(-18) + 1 + 22/(-99). Let h = -1459 - v. Is h composite?
False
Suppose -5*h - 3 + 43 = 0. Let q(u) = 62*u - 11. Let f be q(h). Let s = 268 + f. Is s a prime number?
False
Let z(h) be the third derivative of -h**6/24 + h**5/30 + h**4/24 + 2*h**3/3 + 3*h**2. Let r be z(-3). Suppose 3*v = v + r. Is v a prime number?
False
Let u = 146 + -146. Let l(f) be the third derivative of f**4/12 + 83*f**3/6 - f**2. Is l(u) a composite number?
False
Let y(n) = -53*n**3 + 8*n**2 - 6*n + 3. Is y(-4) a composite number?
False
Suppose -d - r + 772 = 0, -4*d + 4*r - 64 = -3168. Suppose 0*a = 2*b - 4*a - 802, 3*a - d = -2*b. Suppose -b = -17*n + 14*n. Is n composite?
False
Is 12822 + (-12 - -8) - -3 a prime number?
True
Let w(c) be the second derivative of c**3/3 + 13*c**2/2 - 5*c. Let i be w(-5). Is (-8)/(-12) + 331/i a composite number?
True
Suppose 63 = 4*j - 2*c + 23, 0 = -3*j + c + 30. Is j/45 - (-2)/(-9) - -83 prime?
True
Is (-7 - 4735/(-2))*(0 - -2) composite?
False
Let j(s) = 184*s - 359. Is j(24) composite?
False
Let h = -25 + 30. Is (4 - 1) + (h - -77) prime?
False
Let j(g) = 2435*g + 391. Is j(20) a prime number?
False
Let z(w) = 25908*w**2 - 16*w + 17. Is z(1) prime?
False
Suppose -5753 = -3*l - l + 5*k, l - 3*k = 1440. Is l a prime number?
False
Let y(d) = d**3 - 8*d**2 + 3. Suppose p = 5 + 5. Is y(p) a prime number?
False
Suppose 0 = -5*h + 5 + 5. Suppose h*j = -v + 1379 + 1313, -j + v = -1343. Is j composite?
True
Is (-30850092)/(-1260) - (-12)/(-10) a prime number?
False
Let j(t) = 33*t - 4. Let s be j(-2). Let y be 28/s - (-54)/10. Suppose -y*l + l + 1660 = 0. Is l composite?
True
Suppose -21 = 8*d - 61. Suppose d*s = 742 + 10923. Is s prime?
True
Let k = 17610 - 10081. Is k a composite number?
False
Let v = 9 - 106. Suppose 1217 + 1 = -29*o. Let d = o - v. Is d prime?
False
Let w = 1357 - -1752. Is w composite?
False
Let d = -5 - 260. Suppose -3*f - m = 127, 174 + 38 = -5*f - 2*m. Let r = f - d. Is r composite?
False
Suppose 4*q = -0*q + 8. Suppose 0 = 2*m + 4 + q. Is ((-1959)/(-9))/((-1)/m) prime?
True
Is -2 + -1 - (-13)/((-13)/(-12530)) a composite number?
False
Let t = -16003 + 31994. Is t composite?
False
Let y(x) = -12*x**3 - 6*x**2 - 2*x + 1. Is y(-6) a prime number?
True
Let o(f) be the third derivative of -35*f**4/24 + f**3/6 - 10*f**2. Let j be o(2). Is -3 + j/(-6)*8 prime?
True
Suppose -4*x = -l - 15, -3*l + 3 = -x - 7. Suppose 4*i + l*z - 7227 = 2166, -3*i + 2*z = -7039. Suppose i = 3*f - 4*m, f - m = -0*m + 783. Is f composite?
True
Let p = 14364 - -4679. Is p a composite number?
True
Let g(l) = -l + 3. Suppose -17 = -3*s - k, s + k - 9 = -k. Let h be g(s). Is h/6 + (-692)/(-6) composite?
True
Suppose -1458 = -4*i + 7*i. Let u be 3/(-6) - i/12. Is u/1 - (-5 - -6) composite?
True
Let d(n) = 4*n**2 - n - 4. Let p(q) = -q - 4. Suppose 3*x + 21 = 2*x - 3*m, -2*x = 5*m + 38. Let k be p(x). Is d(k) composite?
True
Let m be (-14)/(-4) - -5 - 1/2. Is (11 - m)*4106/6 composite?
False
Let l = 11800 + -3719. Is l prime?
True
Suppose 0*c - 5*c + 90 = 0. Is (-780)/c*(-6)/4 prime?
False
Suppose 0 = 5*c + 4*i - 2118 - 3876, 4*i = c - 1218. Suppose 5*g - c = -4*u, 529 = 5*u - 3*g - 955. Is u a composite number?
True
Let r(m) = -2*m**2 + 10*m - 14. Let y be r(13). Let a = 315 + y. Is a a prime number?
False
Let w = -1864 + 3729. Is w composite?
True
Let k(m) = -m**3 + 24*m**2 - 16*m - 9. Is k(8) prime?
True
Suppose 3*c - 4*s + 0*s = -86, -s + 166 = -5*c. Let h(v) = 12*v - 7. Let a be h(8). Let q = c + a. Is q composite?
True
Suppose -3*j = -c - 24357, c + 4*j + 24371 = -0*j. Is ((-6)/(-18))/((-3)/c) prime?
True
Let y(s) = -297*s - 33. Let g be y(-3). Suppose 2*w = 3*m + 5*w - g, -1440 = -5*m + 5*w. Is m a composite number?
True
Suppose 2*m + 3 = j, -m + 6*m + 4*j - 12 = 0. Suppose m = -6*o + 9*o - 9051. Is o prime?
False
Let a(z) = 8*z + 7 + 16*z**2 + 4 - 6. Is a(10) a prime number?
False
Is (-2717)/44*-17 + (-6)/8 prime?
True
Suppose 2507 = 5*b - 2*z, 5*z = 3*b - 636 - 853. Is b a composite number?
False
Suppose 1926 = -v + 5*z, -5*v + z - 5706 = 3876. Let h = v - -3315. Is h composite?
False
Suppose -3*t + 11 = 5. Is 271*(0 - t - -3 - 0) a prime number?
True
Suppose 5*n - 2*z = z - 775, 0 = 5*n + 2*z + 750. Let b = 52 + n. Let o = -33 - b. Is o composite?
False
Let p(a) = 2*a + 8. Let h be p